 -10.
34
Calculate (1 - (-4 + 8)) + -13 + (-197 - -188).
-25
Calculate -62 - ((4 - 10) + (4 + -6 + 10 - 5)).
-59
What is the value of -122 + -1 - (15206 + -15424)?
95
What is the value of 26 - (-49 - -69 - -15)?
-9
What is -42 + (111 + 47 - 79)?
37
Calculate (45 - 75) + -16 + 91.
45
What is the value of (14 - ((18 + -4 - 2) + 65)) + -3?
-66
What is the value of 5 - ((1 + -10 + 2 - -37) + -14)?
-11
Calculate 7428 + -7485 + 1 + 19 + -1.
-38
What is the value of -54 + 172 + -23 - 41?
54
What is (0 - (49 - 10)) + 33 + 13 + -40?
-33
7 + (-4 + 2 + -1 - (46 + -20 + -30))
8
What is the value of -126 - (-81 + 8 + 12)?
-65
Calculate (51 - (-10 - (-35 - 5))) + 1 + -9.
13
What is the value of -140 + 60 + -4 - (-11 - 2)?
-71
51 - (62 + -26) - 66
-51
Evaluate 199 + -215 - (-6 + (1 - (9 - 6))).
-8
Evaluate (-4100 - -4084) + (21 - 1) + -1 + -18 + -1.
-16
Evaluate 65 + (-17 - -8) - (4 - (4 - 4)).
52
What is the value of -20 + 72 - (-54 + 67 + 1 + -8)?
46
What is the value of -2297 + 2314 - (-70 + 1)?
86
Evaluate (-116 + 92 - -46) + 31.
53
Calculate -9 + -157 - 13 - -94.
-85
What is -24 + -51 - 10 - -38?
-47
(7 + -7 + 5 - (93 - 83)) + -18
-23
Calculate 0 + 17 + (-67 - (26 + -7 - 66)).
-3
What is the value of (2 - 54) + (-732 - -799)?
15
Calculate -2 + (-3 - 12) - (-678 + 677).
-16
Calculate -1 + 3 + 24 + (-7 - -3) + 12.
34
What is the value of -219 + 144 + (-11 - (-19 - -6))?
-73
What is the value of 2 - (-36 + 3) - (-143 - -99 - -36)?
43
What is -19 + (-34 - 8) - 9 - -23?
-47
What is the value of (60 - 78) + -51 + (6 - 1 - -2)?
-62
Calculate (-14 - -93 - 88) + -40 + (-1 - -2).
-48
(2 - (15 - 2)) + (39 - -4) + 57 + 22
111
What is the value of -9 - -1 - ((231 - (-35 - -101)) + -1 + -29)?
-143
Evaluate 16 + (-12 - (11 - (-5 + 13 + 3))).
4
What is (-4 - 38) + 47 - (-57 - (3 + -4))?
61
Calculate -200 + 272 - (30 + -5 - 3).
50
Evaluate (-83 - (-21 + (6 - 12))) + 0.
-56
Calculate 7 + 103 + -80 - 36.
-6
What is 0 + -12 + -9 + 47 + 1 + -15?
12
What is 4 + -9 + 68 + -14 + -4 + 21 + -11?
55
(113 - 8) + (-749 - -660)
16
What is the value of (-12 - 9 - -26) + -5 + -28?
-28
What is the value of 3168 + -3175 + (0 - -36)?
29
27 + (-73 - -29) - (47 - -5)
-69
What is -3 + -11 + 10 - (46 - (-9 - -21))?
-38
(6 - 8) + 23 + 36 + -51
6
What is the value of -39 + 60 + -11 + 6 + 14?
30
Evaluate -24 - (48 + -33 + -12).
-27
Calculate -40 + (-1 - (-1 + (-15 - 7))) + -1.
-19
Evaluate 40 + -45 - -19 - 14.
0
18 + -108 + (-1 - (-30 - (4 + -16)))
-73
Calculate (-9 - 1) + (-242 + 238 - (-13 - 0)) + 1.
0
What is 66 + 49 + -118 - (-64 - -1)?
60
(23 - (12 + -39 + -12)) + (-6 - (1 - -1))
54
-89 - 18 - (106 - 118 - (-3 - 2))
-100
What is 2 + 22 + -2 - 10 - -40?
52
(-75 - -24) + (81 - 2)
28
Evaluate -100 + -15 + 10 + -15 + 13 - -10.
-97
Calculate -2 + 10 + -14 + -5 + -21 + 7 + -26.
-51
147 - 80 - -25 - -8
100
Evaluate 0 + 1 + 4 + (-197 - -715) + -534.
-11
What is the value of 96 - (73 - -2) - 41?
-20
Evaluate 10 + (-48 - (-4 + 10)) + 10 - (1 + 0).
-35
What is 15 + -14 + 60 - (-14 - -35)?
40
Evaluate -12 + -9 + -164 + 115.
-70
97 + 0 - -18 - 30 - -20
105
Evaluate 3 - (3 - -36) - (-320 + 345 + (-18 - -1)).
-44
What is -24 - (-39 + (-2 - -8) - -23)?
-14
Calculate 225 + (-16 - -126) + -219.
116
Evaluate (19 + -10 - 6 - 10) + 158 + -41.
110
What is the value of -50 + (54 - (-7 + 79))?
-68
What is the value of 27 - (1 + 1 + (-29 - (44 + -75)))?
23
Calculate 418 - 328 - (9 - -85).
-4
Evaluate 1 + (0 - 22) + -8 - -10.
-19
What is the value of 1 + 5 - (7 - (-33 - -23))?
-11
Calculate -143 - (-11 + -107) - (1 - 4).
-22
What is the value of (-102 - -79) + -20 + 82 + -23?
16
Calculate 22 - (16 + -56 - -41).
21
Evaluate -5 - (-23 + (5 - (-20 - -11))).
4
Calculate (-11 - 10 - (-17 + 18)) + 6.
-16
Calculate (-2 - 16) + (8 - -4) + (-21 - -11).
-16
Evaluate (-21 + 14 - (-1 + 2) - -11 - -6) + -74.
-65
What is 19 + 28 + -30 + -35 + -1 - 39?
-58
What is (-4 + 3 - 0) + (186 - 192)?
-7
Calculate -13 - (92 - (56 + 8)).
-41
-127 + 124 + (2 - 6) + -9
-16
What is 7 + (15 - 24 - (-45 - (-8 + 6 - 2)))?
39
What is (-11 + (14 - 8) - -31 - -6) + (-48 - -50)?
34
What is (-4 - (24 + -7) - -22) + -26?
-25
What is the value of 103 + 3 + (2 - 6) + -1 + (63 - 77)?
87
11 + -20 + (15 - 14) + 44
36
(-28 - (1 + 0)) + (-2458 - -2453)
-34
Calculate -9 + (2 - (38 + -18)) + -3.
-30
Evaluate -37 + 67 + (-1 - ((2 - -5) + (29 - 36))).
29
(-8 - -6) + 37 + -9 + -10 + -11
5
What is the value of (24 - (11 + 5) - 61) + 8?
-45
What is (-39 + -11 - 0 - -38) + (-6 - 1)?
-19
Calculate -38 + 1 + 1 + (2129 - 1990).
103
Evaluate (39 + 2 - -1) + 29 + (-46 - (30 + -43)).
38
Calculate (-3 - 0) + -165 + 165 - (-2 + 0 - -16).
-17
(-20 - -1) + (1 - -2) - (3218 + -3203)
-31
Evaluate -3 + 2 + -52 + (22 + 25 + -52 - -8).
-50
(-14 - -1) + (747 - 783)
-49
What is the value of (-49 - -54) + (1 - (-3 + 2)) + -47?
-40
What is the value of -3161 + 3151 + 54 + -1 + 0?
43
1 + -3 + (-30 + -19 - -32) + 64
45
Evaluate 22 + 11 + -4 + 1 + (-9 - (-14 + 24)).
11
13 + (-18 - 38) + 20 + (-1 - 4 - -11)
-17
What is the value of (0 - -1 - (17 - 14)) + 0 + -9 + 4?
-7
81 - (-7 + 3 + 12 - (-1 - -1))
73
Calculate -21 - (-34 + 70 - 37).
-20
Calculate -83 + 92 + 100 + 8.
117
18 + (-78 - -91 - -36)
67
What is the value of 0 + -8 + (100 - 170 - -106)?
28
Evaluate -1950 + 1973 - (149 + -1).
-125
What is -15 + (-38 - (1 - -1 - 22)) + 75?
42
What is the value of -44 - (1 + (-24 - -23) - 38)?
-6
(4 - (-8 - (17 + -20))) + 1
10
Calculate 42 + (-19 - 25) + 30.
28
Calculate -25 + (-9 - -11 - 19).
-42
What is (3 - (7 - ((-8 - -9) + -8))) + 22?
11
4 - (-269 + 306 - (-1 - 0))
-34
Calculate (2 - 44) + 40 - (39 - 2).
-39
What is 444 + -433 + -3 + -41?
-33
14 + -5 + 1 + (1 - 0) - -69
80
Calculate 38 - (6 + 79) - -15.
-32
What is the value of 153 + (-130 - 22) - (0 - (-29 + (-2 - 0)))?
-30
What is 4 + -9 + (24 - 38) + 14 + -67?
-72
What is the value of -940 + 957 - (22 - (-2 + 4))?
-3
What is the value of -100 + 101 + 3 + 0 + (-76 - 2)?
-74
Calculate (-47 - -7) + (16 - 2 - 33) + 39.
-20
Calculate 23 + (-62 + -5 + 26 - -20).
2
Evaluate 9 + (39 + -59 - 16) - -17.
-10
What is -106 - (-42 + 40 + -60)?
-44
-5 + -39 + 8 + 6 - (59 + -60)
-29
(27 - (90 + -21)) + 41
-1
Calculate -69 + 256 + -149 - (136 - -2).
-100
What is (0 - 0 - 10) + (118 - 88 - 31)?
-11
What is -7 - (64 - ((-2 - -13) + 4 + -8 + -3))?
-67
What is the value of (0 + 37 - (724 + -698)) + (-40 - 14)?
-43
What is the value of -67 + (-47 + 25 - -2) + (5 - -1)?
-81
Evaluate (-59 - -28 - -16) + 24 + -111.
-102
(12 + -12 - 4) + 24 + -38
-18
What is the value of (1 - -9) + (-19 - -10) - ((53 - 3) + 5)?
-54
Evaluate -64 + (-16 - -61) + 29.
10
Evaluate (11 - 15 - 4 - 3) + 12 + -9.
-8
What is 79 + (1290 - 1268) + -9 + -1 + 3?
94
What is the value of (0 - -34) + 1 + (1 - (-49 - -71))?
14
Evaluate (22 - (-58 - -109)) + -13.
-42
What is (-252 - -260) + 2 + 1 - (-25 - 1)?
37
Calculate -9 + 5 - (-11 + 2 - -26).
-21
Calculate 8 - (6 + 4 + -6 + 7 + 1 - -11).
-15
Evaluate -1 + -1 - (-105 - -103) - (-7 - -1).
6
Calculate 34 - ((-62 - (37 - 69)) + 143).
-79
What is -2 - (-46 - 2 - 1) - (264 + -261)?
44
What is -13 - (-70 + 42 + -25 + -16)?
56
What is (7 - 1) + (-123 - -1 - (-214 + 186))?
-88
What is (-153 - -5) + 2843 + -2634?
61
21 + 10 + (14 + -39 - -110)
116
(-26 + -1 + 1 - (669 - 682)) + -46
-59
What is 55 + -23 - 6 - (118 - 23)?
-69
What is the value of (17 - (0 - -88) - 8 - -14) + -11?
-76
What is the value of (-1 - -30) + 2 + 39 + -51 + -4?
15
Evaluate -2 + (-47 + 90 + -37 - (37 - (2 + 0))).
-31
What is 14 - (24 + -8 + -13 + -35)?
46
What is the value of 8 - (51 - 5) - (12 - (-1 - (6 + -9)))?
-48
Calculate (-51 - (-112 - -110)) + 156.
107
What is -8 + (23 - 24) - (-10 + 1)?
0
Evaluate -8 + -12 + -39 + 37 + (29 - 1).
6
What is the value of (-26 - 64) + 141 - -74?
125
Evaluate (-29 - (1 - (-2 - -2))) + (-16 + 78 - 72).
-40
What is (-13 + 90 - 30) + -57?
-10
-15 + 45 + -26 - 27
-23
What is 27 + (11 - (1 + -6)) - -14?
57
What is the value of 7 + -1 + (1 - 0) + 6222 + -6110?
119
Evaluate -38 + -46 + (-13 - (41 - 134)).
-4
Calculate (146 - 79) + 47 + -9.
105
What is (140 - (5 - -9)) + -15 + 6 + 1 + 4?
122
What is -10 - (-8 + -2 + -1 - (-262 - -248))?
-13
What is (4 + -7 - (-40 - 11) - 4) + 4 + 3?
51
What is (-5 - 67) + -11 + (31 - 23) + 10?
-65
Evaluate (-3 + 100 -